{"id":99,"date":"2022-03-04T09:29:34","date_gmt":"2022-03-04T09:29:34","guid":{"rendered":"https:\/\/patones.net\/site\/ayto\/?page_id=99"},"modified":"2025-11-04T13:13:59","modified_gmt":"2025-11-04T13:13:59","slug":"juzgado-de-paz","status":"publish","type":"page","link":"https:\/\/patones.net\/site\/ayto\/juzgado-de-paz\/","title":{"rendered":"Oficina de Justicia en el Municipio"},"content":{"rendered":"\n<h4 class=\"wp-block-heading has-normal-font-size\">Juez de Paz: D\u00aa Diana Mar\u00eda N\u00fa\u00f1ez Mart\u00edn<\/h4>\n\n\n\n<p class=\"has-normal-font-size\">Secretaria: D\u00aa Marta Casta\u00f1eda<\/p>\n\n\n\n<p>Se presta atenci\u00f3n presencial en el Ayuntamiento de Patones, telef\u00f3nica \u00f3 telem\u00e1tica.<\/p>\n\n\n\n<h4 class=\"wp-block-heading\"><strong>Horario:<\/strong><\/h4>\n\n\n\n<p>Ma\u00f1anas: Martes a Viernes de 9:00 a 14:00 h.<\/p>\n\n\n\n<h4 class=\"wp-block-heading\"><strong>Contacto: <\/strong><\/h4>\n\n\n\n<p>ojm.patones@madrid.org &#8211; Tfno: 91 843 20 26<\/p>\n\n\n\n<h2 class=\"wp-block-heading\">Bodas civiles<\/h2>\n\n\n\n<p>Se ofician bodas los mi\u00e9rcoles de 12:00 a 14:00 y de 17:00 a 19:00 h.<br>Viernes, fines de semana y festivos previa consulta.<\/p>\n\n\n\n<h4 class=\"wp-block-heading\"><strong>No se ofician bodas desde el 1 de Julio hasta el 30 de Agosto<\/strong><br><\/h4>\n\n\n\n<h2 class=\"wp-block-heading\">Solicitud de certificados<\/h2>\n\n\n\n<p><strong>Certificado de matrimonio<\/strong><br><a href=\"https:\/\/sede.mjusticia.gob.es\/es\/tramites\/certificado-matrimonio\">https:\/\/sede.mjusticia.gob.es\/es\/tramites\/certificado-matrimonio<\/a><br><strong>Certificado de defunci\u00f3n<\/strong><br><a href=\"https:\/\/sede.mjusticia.gob.es\/es\/tramites\/certificado-defuncion\">https:\/\/sede.mjusticia.gob.es\/es\/tramites\/certificado-defuncion<\/a><br><strong>Certificado de nacimiento<\/strong><br><a href=\"https:\/\/sede.mjusticia.gob.es\/es\/tramites\/certificado-nacimiento\">https:\/\/sede.mjusticia.gob.es\/es\/tramites\/certificado-nacimiento<\/a><\/p>\n\n\n\n<p><\/p>\n\n\n\n<p><\/p>\n","protected":false},"excerpt":{"rendered":"<p>Juez de Paz: D\u00aa Diana Mar\u00eda N\u00fa\u00f1ez Mart\u00edn Secretaria: D\u00aa Marta Casta\u00f1eda Se presta atenci\u00f3n presencial en el Ayuntamiento de Patones, telef\u00f3nica \u00f3 telem\u00e1tica. Horario: Ma\u00f1anas: Martes a Viernes de 9:00 a 14:00 h. Contacto: ojm.patones@madrid.org &#8211; Tfno: 91 843 <a class=\"more-link\" href=\"https:\/\/patones.net\/site\/ayto\/juzgado-de-paz\/\">Seguir leyendo <span class=\"screen-reader-text\">  Oficina de Justicia en el Municipio<\/span><span class=\"meta-nav\">&rarr;<\/span><\/a><\/p>\n","protected":false},"author":1,"featured_media":0,"parent":0,"menu_order":0,"comment_status":"closed","ping_status":"closed","template":"","meta":{"footnotes":""},"class_list":["post-99","page","type-page","status-publish","hentry"],"_links":{"self":[{"href":"https:\/\/patones.net\/site\/ayto\/wp-json\/wp\/v2\/pages\/99","targetHints":{"allow":["GET"]}}],"collection":[{"href":"https:\/\/patones.net\/site\/ayto\/wp-json\/wp\/v2\/pages"}],"about":[{"href":"https:\/\/patones.net\/site\/ayto\/wp-json\/wp\/v2\/types\/page"}],"author":[{"embeddable":true,"href":"https:\/\/patones.net\/site\/ayto\/wp-json\/wp\/v2\/users\/1"}],"replies":[{"embeddable":true,"href":"https:\/\/patones.net\/site\/ayto\/wp-json\/wp\/v2\/comments?post=99"}],"version-history":[{"count":17,"href":"https:\/\/patones.net\/site\/ayto\/wp-json\/wp\/v2\/pages\/99\/revisions"}],"predecessor-version":[{"id":661,"href":"https:\/\/patones.net\/site\/ayto\/wp-json\/wp\/v2\/pages\/99\/revisions\/661"}],"wp:attachment":[{"href":"https:\/\/patones.net\/site\/ayto\/wp-json\/wp\/v2\/media?parent=99"}],"curies":[{"name":"wp","href":"https:\/\/api.w.org\/{rel}","templated":true}]}}