{"id":31,"date":"2021-03-24T11:33:57","date_gmt":"2021-03-24T11:33:57","guid":{"rendered":"https:\/\/patones.net\/site\/ayto\/?page_id=31"},"modified":"2022-03-08T09:06:59","modified_gmt":"2022-03-08T09:06:59","slug":"tarifas","status":"publish","type":"page","link":"https:\/\/patones.net\/site\/ayto\/tarifas\/","title":{"rendered":"Tarifas"},"content":{"rendered":"\n<ul class=\"wp-block-list\"><li>Impuesto sobre construcciones, instalaciones y obras. <a href=\"http:\/\/www.patones.net\/ayto\/archivos\/ordenanza_1.pdf\">Descargar.<\/a><\/li><li>Tasas por la utilizaci\u00f3n de espacios p\u00fablicos y dependencias municipales. <a href=\"https:\/\/www.patones.net\/ayto\/archivos\/ordenanza_2.pdf\">Descargar.<\/a><\/li><li>Tasas por la expedici\u00f3n de documentos administrativos. <a href=\"https:\/\/www.patones.net\/ayto\/archivos\/ordenanza_3.pdf\">Descargar.<\/a><\/li><li>Tasas por licencias urban\u00edsticas exigidas por la ley del suelo y ordenaci\u00f3n urbana y actuaciones administrativas de orden urban\u00edstico. <a href=\"https:\/\/www.patones.net\/ayto\/archivos\/ordenanza_4.pdf\">Descargar.<\/a><\/li><li>Tasas por utilizaciones  privativas y aprovechamientos especiales del dominio p\u00fablico local. <a href=\"https:\/\/www.patones.net\/ayto\/archivos\/ordenanza_5.pdf\">Descargar.<\/a><\/li><li>Tasas por recogida de R.S.U. <a href=\"http:\/\/www.patones.net\/ayto\/archivos\/Recogida de R.S.U. PATONES.pdf\">Descargar<\/a>.<\/li><li>Tasas por tenencia de animales dom\u00e9sticos y de compa\u00f1\u00eda. <a href=\"http:\/\/www.patones.net\/ayto\/achivos\/Tenencia_proteccion_animales_compania.pdf\">Descargar.<\/a><\/li><\/ul>\n","protected":false},"excerpt":{"rendered":"<p>Impuesto sobre construcciones, instalaciones y obras. Descargar. Tasas por la utilizaci\u00f3n de espacios p\u00fablicos y dependencias municipales. Descargar. Tasas por la expedici\u00f3n de documentos administrativos. Descargar. Tasas por licencias urban\u00edsticas exigidas por la ley del suelo y ordenaci\u00f3n urbana y <a class=\"more-link\" href=\"https:\/\/patones.net\/site\/ayto\/tarifas\/\">Seguir leyendo <span class=\"screen-reader-text\">  Tarifas<\/span><span class=\"meta-nav\">&rarr;<\/span><\/a><\/p>\n","protected":false},"author":1,"featured_media":0,"parent":0,"menu_order":0,"comment_status":"closed","ping_status":"closed","template":"","meta":{"footnotes":""},"class_list":["post-31","page","type-page","status-publish","hentry"],"_links":{"self":[{"href":"https:\/\/patones.net\/site\/ayto\/wp-json\/wp\/v2\/pages\/31","targetHints":{"allow":["GET"]}}],"collection":[{"href":"https:\/\/patones.net\/site\/ayto\/wp-json\/wp\/v2\/pages"}],"about":[{"href":"https:\/\/patones.net\/site\/ayto\/wp-json\/wp\/v2\/types\/page"}],"author":[{"embeddable":true,"href":"https:\/\/patones.net\/site\/ayto\/wp-json\/wp\/v2\/users\/1"}],"replies":[{"embeddable":true,"href":"https:\/\/patones.net\/site\/ayto\/wp-json\/wp\/v2\/comments?post=31"}],"version-history":[{"count":9,"href":"https:\/\/patones.net\/site\/ayto\/wp-json\/wp\/v2\/pages\/31\/revisions"}],"predecessor-version":[{"id":188,"href":"https:\/\/patones.net\/site\/ayto\/wp-json\/wp\/v2\/pages\/31\/revisions\/188"}],"wp:attachment":[{"href":"https:\/\/patones.net\/site\/ayto\/wp-json\/wp\/v2\/media?parent=31"}],"curies":[{"name":"wp","href":"https:\/\/api.w.org\/{rel}","templated":true}]}}