{"id":26,"date":"2021-03-24T11:33:56","date_gmt":"2021-03-24T11:33:56","guid":{"rendered":"https:\/\/patones.net\/site\/ayto\/?page_id=26"},"modified":"2024-04-24T10:24:32","modified_gmt":"2024-04-24T10:24:32","slug":"corporacion","status":"publish","type":"page","link":"https:\/\/patones.net\/site\/ayto\/corporacion\/","title":{"rendered":"Corporaci\u00f3n"},"content":{"rendered":"\n<p><strong>ALCALDE-PRESIDENTE<\/strong><\/p>\n\n\n\n<p><strong>D. Luis Arriazu Garc\u00eda<\/strong> &#8211; PSOE<\/p>\n\n\n\n<hr class=\"wp-block-separator has-css-opacity is-style-wide\"\/>\n\n\n\n<p><strong>CONCEJALES<\/strong><\/p>\n\n\n\n<ul class=\"wp-block-list\">\n<li><strong>D\u00f1a. Mar\u00eda del Roc\u00edo Gil Ruiz<\/strong> &#8211; PSOE<\/li>\n\n\n\n<li><strong>D. Juan Pedro Garc\u00eda Orgaz <\/strong>&#8211; PSOE<\/li>\n\n\n\n<li><strong>D\u00f1a. Isabel Hernanz Melones<\/strong> &#8211; PSOE<\/li>\n\n\n\n<li><strong>D.<\/strong> <strong>Dar\u00edo Reygosa Prieto <\/strong>&#8211; PSOE<\/li>\n\n\n\n<li><strong>D. Roberto Hern\u00e1n Salguero<\/strong> &#8211; PP<\/li>\n\n\n\n<li><strong>D. Jos\u00e9 Manuel Hernanz Redondo <\/strong>&#8211; PP<\/li>\n<\/ul>\n\n\n\n<hr class=\"wp-block-separator has-css-opacity is-style-wide\"\/>\n\n\n\n<h1 class=\"wp-block-heading\">Corporaci\u00f3n Municipal-Concejal\u00edas<\/h1>\n\n\n\n<p><strong><em>ALCALDE-PRESIDENTE<\/em><\/strong>. <strong>CONCEJAL\u00cdA DE URBANISMO Y SERVICIOS. <\/strong><\/p>\n\n\n\n<p>D. Luis Arriazu Garc\u00eda- <strong>PSOE<\/strong><br>contacto: <strong>alcaldia@patones.net<\/strong><\/p>\n\n\n\n<p><strong><em>PRIMER TENIENTE DE ALCALDE<\/em><\/strong>. <strong>CONCEJAL\u00cdA DE AGRICULTURA Y GANADER\u00cdA<\/strong>,<strong> DEPORTE, EDUCACI\u00d3N, FESTEJOS, MEDIO AMBIENTE Y PERSONAL.<\/strong><\/p>\n\n\n\n<p>D. Juan Pedro Garc\u00eda Orgaz- <strong>PSOE<\/strong><br>contacto:<strong> juanpedro@patones.net<\/strong><\/p>\n\n\n\n<p><strong><em>SEGUNDO TENIENTE DE ALCALDE. <\/em><\/strong><em><strong>CONCEJAL\u00cdA <\/strong><\/em><strong>DE CULTURA, ECONOM\u00cdA Y HACIENDA Y TURISMO.<\/strong><\/p>\n\n\n\n<p>D\u00f1a. Mar\u00eda del Roc\u00edo Gil Ruiz- <strong>PSOE<\/strong><br>contacto:<strong> rocio@patones.net<\/strong><\/p>\n\n\n\n<p><em><strong>CONCEJAL\u00cdA DE SERVICIOS SOCIALES Y SANIDAD, CULTURA Y EDUCACI\u00d3N.<\/strong><\/em><\/p>\n\n\n\n<p>D\u00f1a. Isabel Hernanz Melones- <strong>PSOE<\/strong><br>contacto:<strong> isabelhernanz@patones.net<\/strong><\/p>\n\n\n\n<p><strong>CONCEJAL\u00cdA DE DEPORTES, FESTEJOS Y PERSONAL.<\/strong><\/p>\n\n\n\n<p>D. Dar\u00edo Reygosa Prieto<strong> &#8211; PSOE<br><\/strong>contacto:<strong> dario@patones.net<\/strong><\/p>\n\n\n\n<hr class=\"wp-block-separator has-css-opacity is-style-wide\"\/>\n\n\n\n<p><strong>CONCEJALES GRUPO PARTIDO POPULAR<\/strong><\/p>\n\n\n\n<p>D. Roberto Hern\u00e1n Salguero &#8211; Contacto: roberto.hernan@patones.net<br>D. Jos\u00e9 Manuel Hernanz Redondo &#8211; Contacto: josemanuel@patones.net<br><\/p>\n\n\n\n<p><\/p>\n","protected":false},"excerpt":{"rendered":"<p>ALCALDE-PRESIDENTE D. Luis Arriazu Garc\u00eda &#8211; PSOE CONCEJALES Corporaci\u00f3n Municipal-Concejal\u00edas ALCALDE-PRESIDENTE. CONCEJAL\u00cdA DE URBANISMO Y SERVICIOS. D. Luis Arriazu Garc\u00eda- PSOEcontacto: alcaldia@patones.net PRIMER TENIENTE DE ALCALDE. CONCEJAL\u00cdA DE AGRICULTURA Y GANADER\u00cdA, DEPORTE, EDUCACI\u00d3N, FESTEJOS, MEDIO AMBIENTE Y PERSONAL. D. Juan <a class=\"more-link\" href=\"https:\/\/patones.net\/site\/ayto\/corporacion\/\">Seguir leyendo <span class=\"screen-reader-text\">  Corporaci\u00f3n<\/span><span class=\"meta-nav\">&rarr;<\/span><\/a><\/p>\n","protected":false},"author":1,"featured_media":0,"parent":0,"menu_order":0,"comment_status":"closed","ping_status":"closed","template":"","meta":{"footnotes":""},"class_list":["post-26","page","type-page","status-publish","hentry"],"_links":{"self":[{"href":"https:\/\/patones.net\/site\/ayto\/wp-json\/wp\/v2\/pages\/26","targetHints":{"allow":["GET"]}}],"collection":[{"href":"https:\/\/patones.net\/site\/ayto\/wp-json\/wp\/v2\/pages"}],"about":[{"href":"https:\/\/patones.net\/site\/ayto\/wp-json\/wp\/v2\/types\/page"}],"author":[{"embeddable":true,"href":"https:\/\/patones.net\/site\/ayto\/wp-json\/wp\/v2\/users\/1"}],"replies":[{"embeddable":true,"href":"https:\/\/patones.net\/site\/ayto\/wp-json\/wp\/v2\/comments?post=26"}],"version-history":[{"count":24,"href":"https:\/\/patones.net\/site\/ayto\/wp-json\/wp\/v2\/pages\/26\/revisions"}],"predecessor-version":[{"id":411,"href":"https:\/\/patones.net\/site\/ayto\/wp-json\/wp\/v2\/pages\/26\/revisions\/411"}],"wp:attachment":[{"href":"https:\/\/patones.net\/site\/ayto\/wp-json\/wp\/v2\/media?parent=26"}],"curies":[{"name":"wp","href":"https:\/\/api.w.org\/{rel}","templated":true}]}}