{"id":220,"date":"2022-03-23T09:08:11","date_gmt":"2022-03-23T09:08:11","guid":{"rendered":"https:\/\/patones.net\/site\/ayto\/?page_id=220"},"modified":"2024-10-18T11:08:10","modified_gmt":"2024-10-18T11:08:10","slug":"normas-subsidiarias","status":"publish","type":"page","link":"https:\/\/patones.net\/site\/ayto\/normas-subsidiarias\/","title":{"rendered":"Normas subsidiarias"},"content":{"rendered":"\n<h2 class=\"wp-block-heading\">MATRIZ &#8211; 4\/11\/1992<\/h2>\n\n\n\n<p><\/p>\n\n\n\n<h3 class=\"wp-block-heading has-large-font-size\">1.Memoria Informativa<\/h3>\n\n\n\n<ol class=\"wp-block-list\">\n<li><a href=\"https:\/\/www.patones.net\/site\/nnss\/Memoria_Informativa.pdf\">Memoria informativa<\/a><\/li>\n<\/ol>\n\n\n\n<h3 class=\"wp-block-heading\">2.Acuerdo<\/h3>\n\n\n\n<ol class=\"wp-block-list\">\n<li><a href=\"https:\/\/patones.net\/site\/nnss\/acuerdo.pdf\">Acuerdo<\/a><\/li>\n<\/ol>\n\n\n\n<h3 class=\"wp-block-heading\">3.Cat\u00e1logo<\/h3>\n\n\n\n<ol class=\"wp-block-list\">\n<li><a href=\"https:\/\/patones.net\/site\/nnss\/indice_catalogo.pdf\">\u00cdndice<\/a><\/li>\n\n\n\n<li><a href=\"https:\/\/patones.net\/site\/nnss\/catalogo_001.pdf\">Cap\u00edtulos 1 a 5<\/a><\/li>\n\n\n\n<li><a href=\"https:\/\/patones.net\/site\/nnss\/catalogo_002.pdf\">Fichas elementos y planos<\/a><\/li>\n<\/ol>\n\n\n\n<h3 class=\"wp-block-heading\">4.Memoria Justificativa<\/h3>\n\n\n\n<ol class=\"wp-block-list\">\n<li><a href=\"https:\/\/patones.net\/site\/nnss\/indice_memoria.pdf\">\u00cdndice<\/a><\/li>\n\n\n\n<li><a href=\"https:\/\/patones.net\/site\/nnss\/memoria.pdf\">Cap\u00edtulos 1 a 8<\/a><\/li>\n<\/ol>\n\n\n\n<h3 class=\"wp-block-heading\">5.Normas urban\u00edsticas<\/h3>\n\n\n\n<div class=\"wp-block-group\"><div class=\"wp-block-group__inner-container is-layout-flow wp-block-group-is-layout-flow\">\n<div class=\"wp-block-group\"><div class=\"wp-block-group__inner-container is-layout-flow wp-block-group-is-layout-flow\">\n<ol class=\"wp-block-list\">\n<li><a href=\"https:\/\/patones.net\/site\/nnss\/indice_nurbanisticas.pdf\">\u00cdndice<\/a><\/li>\n\n\n\n<li><a href=\"https:\/\/patones.net\/site\/nnss\/nurbanisticas_001.pdf\">T\u00edtulos I y II<\/a><\/li>\n\n\n\n<li><a href=\"https:\/\/patones.net\/site\/nnss\/nurbanisticas_002.pdf\">T\u00edtulos III y unidades ejecuci\u00f3n<\/a><\/li>\n\n\n\n<li><a href=\"https:\/\/patones.net\/site\/nnss\/nurbanisticas_003.pdf\">Inventario instalaciones en SNU (p\u00e1gs. de 1 a 18)<\/a><\/li>\n\n\n\n<li><a href=\"https:\/\/patones.net\/site\/nnss\/nurbanisticas_004.pdf\">Inventario instalaciones en SNU (p\u00e1gs. de 19 a 35)<\/a><\/li>\n\n\n\n<li><a href=\"https:\/\/patones.net\/site\/nnss\/nurbanisticas_005.pdf\">Inventario instalaciones en SNU (p\u00e1gs. de 36 a 52)<\/a><\/li>\n\n\n\n<li><a href=\"https:\/\/patones.net\/site\/nnss\/nurbanisticas_006.pdf\">Inventario instalaciones en SNU (p\u00e1gs. de 53 a 71)<\/a><\/li>\n\n\n\n<li><a href=\"https:\/\/patones.net\/site\/nnss\/nurbanisticas_007.pdf\">Inventario instalaciones en SNU (p\u00e1gs. de 72 a 90)<\/a><\/li>\n\n\n\n<li><a href=\"https:\/\/patones.net\/site\/nnss\/nurbanisticas_008.pdf\">Inventario instalaciones en SNU (p\u00e1gs. de 91 a 106)<\/a><\/li>\n\n\n\n<li><a href=\"https:\/\/patones.net\/site\/nnss\/nurbanisticas_009.pdf\">Inventario instalaciones en SNU (p\u00e1gs. de 107 a 120)<\/a><\/li>\n<\/ol>\n<\/div><\/div>\n<\/div><\/div>\n\n\n\n<h3 class=\"wp-block-heading\">5. Planos ordenaci\u00f3n<\/h3>\n\n\n\n<div class=\"wp-block-group\"><div class=\"wp-block-group__inner-container is-layout-flow wp-block-group-is-layout-flow\">\n<div class=\"wp-block-group\"><div class=\"wp-block-group__inner-container is-layout-flow wp-block-group-is-layout-flow\">\n<div class=\"wp-block-group\"><div class=\"wp-block-group__inner-container is-layout-flow wp-block-group-is-layout-flow\">\n<ol class=\"wp-block-list\">\n<li><a href=\"https:\/\/patones.net\/site\/nnss\/planos_ordenacion_001.pdf\">Car\u00e1tula<\/a><\/li>\n\n\n\n<li><a href=\"https:\/\/patones.net\/site\/nnss\/planos_ordenacion_002.pdf\">\u00cdndice<\/a><\/li>\n\n\n\n<li><a href=\"https:\/\/patones.net\/site\/nnss\/planos_ordenacion_003.pdf\">Estructura territorial<\/a><\/li>\n\n\n\n<li><a href=\"https:\/\/patones.net\/site\/nnss\/planos_ordenacion_004.pdf\">Clasificaci\u00f3n del suelo<\/a><\/li>\n\n\n\n<li>Clasificaci\u00f3n del suelo,\n<ol class=\"wp-block-list\">\n<li><a href=\"https:\/\/patones.net\/site\/nnss\/planos_ordenacion_005.pdf\">Hoja P3<\/a><\/li>\n\n\n\n<li><a href=\"https:\/\/patones.net\/site\/nnss\/planos_ordenacion_006.pdf\">Hoja P4<\/a><\/li>\n\n\n\n<li><a href=\"https:\/\/patones.net\/site\/nnss\/planos_ordenacion_007.pdf\">Hoja P5<\/a><\/li>\n<\/ol>\n<\/li>\n\n\n\n<li>Alineaciones.\n<ol class=\"wp-block-list\">\n<li><a href=\"https:\/\/patones.net\/site\/nnss\/planos_ordenacion_008.pdf\">Hoja P6<\/a><\/li>\n\n\n\n<li><a href=\"https:\/\/patones.net\/site\/nnss\/planos_ordenacion_009.pdf\">Hoja P7<\/a><\/li>\n\n\n\n<li><a href=\"https:\/\/patones.net\/site\/nnss\/planos_ordenacion_010.pdf\">Hoja P8<\/a><\/li>\n<\/ol>\n<\/li>\n\n\n\n<li><a href=\"https:\/\/patones.net\/site\/nnss\/planos_ordenacion_011.pdf\">Red abastecimiento<\/a><\/li>\n\n\n\n<li><a href=\"https:\/\/patones.net\/site\/nnss\/planos_ordenacion_012.pdf\">Red saneamiento<\/a><\/li>\n\n\n\n<li><a href=\"https:\/\/patones.net\/site\/nnss\/planos_ordenacion_013.pdf\">Red abastecimiento<\/a><\/li>\n\n\n\n<li><a href=\"https:\/\/patones.net\/site\/nnss\/planos_ordenacion_014.pdf\">Red saneamiento<\/a><\/li>\n\n\n\n<li><a href=\"https:\/\/patones.net\/site\/nnss\/planos_ordenacion_015.pdf\">Actuaciones propuestas<\/a><\/li>\n\n\n\n<li>Inventario en SNU.\n<ol class=\"wp-block-list\">\n<li><a href=\"https:\/\/patones.net\/site\/nnss\/planos_ordenacion_016.pdf\">P\u00e1ginas 1-7<\/a><\/li>\n\n\n\n<li><a href=\"https:\/\/patones.net\/site\/nnss\/planos_ordenacion_017.pdf\">P\u00e1ginas 1-8<\/a><\/li>\n\n\n\n<li><a href=\"https:\/\/patones.net\/site\/nnss\/planos_ordenacion_018.pdf\">P\u00e1ginas 2-5<\/a><\/li>\n\n\n\n<li><a href=\"https:\/\/patones.net\/site\/nnss\/planos_ordenacion_019.pdf\">P\u00e1ginas 2-6<\/a><\/li>\n\n\n\n<li><a href=\"https:\/\/patones.net\/site\/nnss\/planos_ordenacion_020.pdf\">P\u00e1ginas 2-7<\/a><\/li>\n<\/ol>\n<\/li>\n<\/ol>\n<\/div><\/div>\n<\/div><\/div>\n<\/div><\/div>\n\n\n\n<h2 class=\"wp-block-heading\">MODIFICACI\u00d3N PLAN GENERAL<\/h2>\n\n\n\n<h4 class=\"wp-block-heading\">MODIFICACI\u00d3N ORDINARIA Y NO SUSTANCIAL<\/h4>\n\n\n\n<ol class=\"wp-block-list\">\n<li><strong>MODIFICACI\u00d3N ORDINARIA Y  NO SUSTANCIAL<\/strong>\n<ol class=\"wp-block-list\">\n<li><a href=\"http:\/\/patones.net\/site\/nnss\/MODIF%201%20REORDENACION%20DE%20EQUIPAMIENTOS%20Y%20ESPACIOS%20LIBRES.pdf\">MODIF 1 REORDENACION DE EQUIPAMIENTOS Y ESPACIOS LIBRES (15\/07\/1999) (REUR: 39930)<\/a><\/li>\n\n\n\n<li><a href=\"https:\/\/patones.net\/site\/nnss\/MODIF_2_AMPL_DELBAILE_22_06_1999_REUR_39929.pdf\">MODIF 2 AMPL C DEL BAILE (22\/06\/1999) (REUR: 39929)<\/a><\/li>\n\n\n\n<li><a href=\"https:\/\/patones.net\/site\/nnss\/MODIF%203%20PARAJE%20LOS%20BONETES_04_10_2000_REUR_43988.pdf\">MODIF 3 PARAJE LOS BONETES (04\/10\/2000) (REUR: 43988)<\/a><\/li>\n\n\n\n<li><a href=\"https:\/\/patones.net\/site\/nnss\/UE_15_30_10_2009_REUR_75497.pdf\">UE 15 (30\/10\/2009) (REUR: 75497)<\/a><\/li>\n\n\n\n<li><a href=\"https:\/\/patones.net\/site\/nnss\/CONDICIONES%20APROVECHAMIENTO%20CONSTRUCCION%20RESIDENCIALES.pdf\">CONDICIONES APROVECHAMIENTO CONSTRUCCION RESIDENCIALES (23\/10\/2014)<\/a><\/li>\n\n\n\n<li><a href=\"https:\/\/patones.net\/site\/nnss\/DAR%20POSIBILIDAD%20DE%20CONTRUIR%20EN%20PARCELAS%20ANTERIORES%20A%20NNSS.pdf\">DAR POSIBILIDAD DE CONTRUIR EN PARCELAS ANTERIORES A NNSS (23\/10\/2014)<\/a><\/li>\n\n\n\n<li><a href=\"https:\/\/patones.net\/site\/nnss\/MODIFICACI%C3%93N%20DEL%20FONDO%20EDIFICABLE%20CONSTRUCCIONES%20AUXILIARES.pdf\">MODIFICACI\u00d3N DEL FONDO EDIFICABLE CONSTRUCCIONES AUXILIARES (23\/10\/2014)<\/a><\/li>\n\n\n\n<li><a href=\"http:\/\/patones.net\/site\/nnss\/CARPINTER%C3%8DA%20REJAS%20PUBLICIDAD%20TOLDOS%20MARQUESINTAS.pdf\">CARPINTER\u00cdA, REJAS, PUBLICIDAD, TOLDOS, MARQUESINTAS (23\/10\/2014)<\/a><\/li>\n\n\n\n<li><a href=\"https:\/\/patones.net\/site\/nnss\/AMPLIACI%C3%93N%20DE%20USO%20RESIDENCIAL%20UNFAMILIAR%20CON%20MULTIFAMILIAR.pdf\">AMPLIACI\u00d3N DE USO RESIDENCIAL UNFAMILIAR CON MULTIFAMILIAR (23\/10\/2014)<\/a><\/li>\n\n\n\n<li><a href=\"https:\/\/patones.net\/site\/nnss\/REGULARIZAR%20EL%20L%C3%8DMITE%20URBANO%20SOBRE%20LA%20CALLE%20CASTR%C3%93N.pdf\">REGULARIZAR EL L\u00cdMITE URBANO SOBRE LA CALLE CASTR\u00d3N (25\/3\/2015)<\/a><\/li>\n<\/ol>\n<\/li>\n\n\n\n<li><strong>MODIFICACI\u00d3N POR CORRECI\u00d3N DE ERRORES MATERIALES<\/strong>\n<ol class=\"wp-block-list\">\n<li><a href=\"https:\/\/patones.net\/site\/nnss\/UE15_13_05_1993.pdf\">UE 15 (13\/05\/1993)<\/a><\/li>\n\n\n\n<li><a href=\"https:\/\/patones.net\/site\/nnss\/P1_P2_21_03_1996.pdf\">P1 y P2. (21\/03\/1996)<\/a><\/li>\n\n\n\n<li><a href=\"https:\/\/patones.net\/site\/nnss\/P1_P2_21_03_1996.pdf\">MODIFICACI\u00d3N POR RESOLUCI\u00d3N DE RECURSO ADMINISTRATIVO<\/a><\/li>\n\n\n\n<li><a href=\"https:\/\/patones.net\/site\/nnss\/P1_P2_21_03_1996.pdf\">MODIFICACI\u00d3N POR SENTENCIA JUDICIA<\/a><\/li>\n<\/ol>\n<\/li>\n\n\n\n<li><strong>OTROS PLANES<\/strong>\n<ol class=\"wp-block-list\">\n<li>P.DESARROLLO\n<ol class=\"wp-block-list\">\n<li><a href=\"https:\/\/patones.net\/site\/nnss\/OBRAS%20SANEAMIENTO%20Y%20DEPURACION.pdf\">OBRAS DE SANEAMIENTO Y DEPURACI\u00d3N (1\/6\/2001)<\/a><\/li>\n<\/ol>\n<\/li>\n<\/ol>\n<\/li>\n<\/ol>\n","protected":false},"excerpt":{"rendered":"<p>MATRIZ &#8211; 4\/11\/1992 1.Memoria Informativa 2.Acuerdo 3.Cat\u00e1logo 4.Memoria Justificativa 5.Normas urban\u00edsticas 5. Planos ordenaci\u00f3n MODIFICACI\u00d3N PLAN GENERAL MODIFICACI\u00d3N ORDINARIA Y NO SUSTANCIAL<\/p>\n","protected":false},"author":1,"featured_media":0,"parent":0,"menu_order":0,"comment_status":"closed","ping_status":"closed","template":"","meta":{"footnotes":""},"class_list":["post-220","page","type-page","status-publish","hentry"],"_links":{"self":[{"href":"https:\/\/patones.net\/site\/ayto\/wp-json\/wp\/v2\/pages\/220","targetHints":{"allow":["GET"]}}],"collection":[{"href":"https:\/\/patones.net\/site\/ayto\/wp-json\/wp\/v2\/pages"}],"about":[{"href":"https:\/\/patones.net\/site\/ayto\/wp-json\/wp\/v2\/types\/page"}],"author":[{"embeddable":true,"href":"https:\/\/patones.net\/site\/ayto\/wp-json\/wp\/v2\/users\/1"}],"replies":[{"embeddable":true,"href":"https:\/\/patones.net\/site\/ayto\/wp-json\/wp\/v2\/comments?post=220"}],"version-history":[{"count":36,"href":"https:\/\/patones.net\/site\/ayto\/wp-json\/wp\/v2\/pages\/220\/revisions"}],"predecessor-version":[{"id":419,"href":"https:\/\/patones.net\/site\/ayto\/wp-json\/wp\/v2\/pages\/220\/revisions\/419"}],"wp:attachment":[{"href":"https:\/\/patones.net\/site\/ayto\/wp-json\/wp\/v2\/media?parent=220"}],"curies":[{"name":"wp","href":"https:\/\/api.w.org\/{rel}","templated":true}]}}